{"id":174,"date":"2023-02-19T18:44:48","date_gmt":"2023-02-19T17:44:48","guid":{"rendered":"https:\/\/tcm.maximilian-stieg.de\/?page_id=174"},"modified":"2023-05-18T16:53:44","modified_gmt":"2023-05-18T14:53:44","slug":"termine","status":"publish","type":"page","link":"https:\/\/annedore-gauer.de\/index.php\/termine\/","title":{"rendered":"Termine"},"content":{"rendered":"\n<p class=\"has-text-align-left\">Der Datenschutz ist ein wichtiger Aspekt in der heutigen digitalen Welt, insbesondere im Gesundheitsbereich, wo es um sehr sensible Daten geht. Aus diesem Grund ist es oft sinnvoll, die Terminvereinbarung f\u00fcr Arztbesuche auf eine Weise durchzuf\u00fchren, die die Privatsph\u00e4re der Patienten sch\u00fctzt.<\/p>\n\n\n\n<p class=\"has-text-align-left\">Die Terminvereinbarung \u00fcber das Telefon ist oft die sicherste und vertraulichste Methode, um sicherzustellen, dass Ihre pers\u00f6nlichen Daten gesch\u00fctzt bleiben. Obwohl es nicht so bequem wie die Online-Vereinbarung von Terminen sein mag, ist es oft die bessere Wahl, um die Privatsph\u00e4re und Sicherheit Ihrer sensiblen Gesundheitsdaten zu gew\u00e4hrleisten.<\/p>\n\n\n\n<p class=\"has-text-align-left\">Aus diesen Gr\u00fcnden nehmen wir Ihre Terminanfragen nur telefonisch unter <a href=\"tel:05114584303\">0511 4584303<\/a> entgegen. Hierdurch tragen wir aktiv zum Schutz Ihrer personenbezogenen Daten bei. Allgemeine Anfragen zu Seminaren oder Fragen zur Traditionellen Chinesischen Medizin nehmen wir auch gerne per E-Mail unter <a href=\"mailto:Info@Annedore-Gauer.de\">Info@Annedore-Gauer.de<\/a> oder \u00fcber unser <a href=\"https:\/\/annedore-gauer.de\/index.php\/kontakt\/\">Kontaktformular<\/a> entgegen.<\/p>\n\n\n\n<div style=\"height:100px\" aria-hidden=\"true\" class=\"wp-block-spacer\"><\/div>\n\n\n\n<h2 class=\"wp-block-heading has-text-align-center\">Unsere Sprechzeiten<\/h2>\n\n\n\n<p class=\"has-text-align-center\">Montag und Mittwoch 14:00 bis 18:30<br>Dienstag und Donnerstag 10:00 bis 14:30<\/p>\n","protected":false},"excerpt":{"rendered":"<p>Der Datenschutz ist ein wichtiger Aspekt in der heutigen digitalen Welt, insbesondere im Gesundheitsbereich, wo es um sehr sensible Daten geht. Aus diesem Grund ist es oft sinnvoll, die Terminvereinbarung f\u00fcr Arztbesuche auf eine Weise durchzuf\u00fchren, die die Privatsph\u00e4re der Patienten sch\u00fctzt. Die Terminvereinbarung \u00fcber das Telefon ist oft die sicherste und vertraulichste Methode, um &hellip; <\/p>\n","protected":false},"author":1,"featured_media":500,"parent":0,"menu_order":5,"comment_status":"closed","ping_status":"closed","template":"","meta":{"footnotes":""},"class_list":["post-174","page","type-page","status-publish","has-post-thumbnail","hentry","grid-sizer"],"yoast_head":"<!-- This site is optimized with the Yoast SEO plugin v27.5 - https:\/\/yoast.com\/product\/yoast-seo-wordpress\/ -->\n<title>Termine - Annedore Gauer<\/title>\n<meta name=\"robots\" content=\"index, follow, max-snippet:-1, max-image-preview:large, max-video-preview:-1\" \/>\n<link rel=\"canonical\" href=\"https:\/\/annedore-gauer.de\/index.php\/termine\/\" \/>\n<meta property=\"og:locale\" content=\"de_DE\" \/>\n<meta property=\"og:type\" content=\"article\" \/>\n<meta property=\"og:title\" content=\"Termine - Annedore Gauer\" \/>\n<meta property=\"og:description\" content=\"Der Datenschutz ist ein wichtiger Aspekt in der heutigen digitalen Welt, insbesondere im Gesundheitsbereich, wo es um sehr sensible Daten geht. Aus diesem Grund ist es oft sinnvoll, die Terminvereinbarung f\u00fcr Arztbesuche auf eine Weise durchzuf\u00fchren, die die Privatsph\u00e4re der Patienten sch\u00fctzt. Die Terminvereinbarung \u00fcber das Telefon ist oft die sicherste und vertraulichste Methode, um &hellip;\" \/>\n<meta property=\"og:url\" content=\"https:\/\/annedore-gauer.de\/index.php\/termine\/\" \/>\n<meta property=\"og:site_name\" content=\"Annedore Gauer\" \/>\n<meta property=\"article:modified_time\" content=\"2023-05-18T14:53:44+00:00\" \/>\n<meta property=\"og:image\" content=\"https:\/\/annedore-gauer.de\/wp-content\/uploads\/2023\/05\/IMG_6968-200x300-1.jpg\" \/>\n\t<meta property=\"og:image:width\" content=\"200\" \/>\n\t<meta property=\"og:image:height\" content=\"300\" \/>\n\t<meta property=\"og:image:type\" content=\"image\/jpeg\" \/>\n<meta name=\"twitter:card\" content=\"summary_large_image\" \/>\n<meta name=\"twitter:label1\" content=\"Gesch\u00e4tzte Lesezeit\" \/>\n\t<meta name=\"twitter:data1\" content=\"1\u00a0Minute\" \/>\n<script type=\"application\/ld+json\" class=\"yoast-schema-graph\">{\"@context\":\"https:\\\/\\\/schema.org\",\"@graph\":[{\"@type\":\"WebPage\",\"@id\":\"https:\\\/\\\/annedore-gauer.de\\\/index.php\\\/termine\\\/\",\"url\":\"https:\\\/\\\/annedore-gauer.de\\\/index.php\\\/termine\\\/\",\"name\":\"Termine - Annedore Gauer\",\"isPartOf\":{\"@id\":\"https:\\\/\\\/annedore-gauer.de\\\/#website\"},\"primaryImageOfPage\":{\"@id\":\"https:\\\/\\\/annedore-gauer.de\\\/index.php\\\/termine\\\/#primaryimage\"},\"image\":{\"@id\":\"https:\\\/\\\/annedore-gauer.de\\\/index.php\\\/termine\\\/#primaryimage\"},\"thumbnailUrl\":\"https:\\\/\\\/annedore-gauer.de\\\/wp-content\\\/uploads\\\/2023\\\/05\\\/IMG_6968-200x300-1.jpg\",\"datePublished\":\"2023-02-19T17:44:48+00:00\",\"dateModified\":\"2023-05-18T14:53:44+00:00\",\"breadcrumb\":{\"@id\":\"https:\\\/\\\/annedore-gauer.de\\\/index.php\\\/termine\\\/#breadcrumb\"},\"inLanguage\":\"de\",\"potentialAction\":[{\"@type\":\"ReadAction\",\"target\":[\"https:\\\/\\\/annedore-gauer.de\\\/index.php\\\/termine\\\/\"]}]},{\"@type\":\"ImageObject\",\"inLanguage\":\"de\",\"@id\":\"https:\\\/\\\/annedore-gauer.de\\\/index.php\\\/termine\\\/#primaryimage\",\"url\":\"https:\\\/\\\/annedore-gauer.de\\\/wp-content\\\/uploads\\\/2023\\\/05\\\/IMG_6968-200x300-1.jpg\",\"contentUrl\":\"https:\\\/\\\/annedore-gauer.de\\\/wp-content\\\/uploads\\\/2023\\\/05\\\/IMG_6968-200x300-1.jpg\",\"width\":200,\"height\":300},{\"@type\":\"BreadcrumbList\",\"@id\":\"https:\\\/\\\/annedore-gauer.de\\\/index.php\\\/termine\\\/#breadcrumb\",\"itemListElement\":[{\"@type\":\"ListItem\",\"position\":1,\"name\":\"Startseite\",\"item\":\"https:\\\/\\\/annedore-gauer.de\\\/\"},{\"@type\":\"ListItem\",\"position\":2,\"name\":\"Termine\"}]},{\"@type\":\"WebSite\",\"@id\":\"https:\\\/\\\/annedore-gauer.de\\\/#website\",\"url\":\"https:\\\/\\\/annedore-gauer.de\\\/\",\"name\":\"Annedore Gauer\",\"description\":\"\u00c4rztin\",\"publisher\":{\"@id\":\"https:\\\/\\\/annedore-gauer.de\\\/#organization\"},\"potentialAction\":[{\"@type\":\"SearchAction\",\"target\":{\"@type\":\"EntryPoint\",\"urlTemplate\":\"https:\\\/\\\/annedore-gauer.de\\\/?s={search_term_string}\"},\"query-input\":{\"@type\":\"PropertyValueSpecification\",\"valueRequired\":true,\"valueName\":\"search_term_string\"}}],\"inLanguage\":\"de\"},{\"@type\":\"Organization\",\"@id\":\"https:\\\/\\\/annedore-gauer.de\\\/#organization\",\"name\":\"Annedore Gauer\",\"alternateName\":\"Annedore Gauer TCM\",\"url\":\"https:\\\/\\\/annedore-gauer.de\\\/\",\"logo\":{\"@type\":\"ImageObject\",\"inLanguage\":\"de\",\"@id\":\"https:\\\/\\\/annedore-gauer.de\\\/#\\\/schema\\\/logo\\\/image\\\/\",\"url\":\"https:\\\/\\\/annedore-gauer.de\\\/wp-content\\\/uploads\\\/2023\\\/02\\\/cropped-cropped-menu_logo.png\",\"contentUrl\":\"https:\\\/\\\/annedore-gauer.de\\\/wp-content\\\/uploads\\\/2023\\\/02\\\/cropped-cropped-menu_logo.png\",\"width\":82,\"height\":200,\"caption\":\"Annedore Gauer\"},\"image\":{\"@id\":\"https:\\\/\\\/annedore-gauer.de\\\/#\\\/schema\\\/logo\\\/image\\\/\"}}]}<\/script>\n<!-- \/ Yoast SEO plugin. -->","yoast_head_json":{"title":"Termine - Annedore Gauer","robots":{"index":"index","follow":"follow","max-snippet":"max-snippet:-1","max-image-preview":"max-image-preview:large","max-video-preview":"max-video-preview:-1"},"canonical":"https:\/\/annedore-gauer.de\/index.php\/termine\/","og_locale":"de_DE","og_type":"article","og_title":"Termine - Annedore Gauer","og_description":"Der Datenschutz ist ein wichtiger Aspekt in der heutigen digitalen Welt, insbesondere im Gesundheitsbereich, wo es um sehr sensible Daten geht. Aus diesem Grund ist es oft sinnvoll, die Terminvereinbarung f\u00fcr Arztbesuche auf eine Weise durchzuf\u00fchren, die die Privatsph\u00e4re der Patienten sch\u00fctzt. Die Terminvereinbarung \u00fcber das Telefon ist oft die sicherste und vertraulichste Methode, um &hellip;","og_url":"https:\/\/annedore-gauer.de\/index.php\/termine\/","og_site_name":"Annedore Gauer","article_modified_time":"2023-05-18T14:53:44+00:00","og_image":[{"width":200,"height":300,"url":"https:\/\/annedore-gauer.de\/wp-content\/uploads\/2023\/05\/IMG_6968-200x300-1.jpg","type":"image\/jpeg"}],"twitter_card":"summary_large_image","twitter_misc":{"Gesch\u00e4tzte Lesezeit":"1\u00a0Minute"},"schema":{"@context":"https:\/\/schema.org","@graph":[{"@type":"WebPage","@id":"https:\/\/annedore-gauer.de\/index.php\/termine\/","url":"https:\/\/annedore-gauer.de\/index.php\/termine\/","name":"Termine - Annedore Gauer","isPartOf":{"@id":"https:\/\/annedore-gauer.de\/#website"},"primaryImageOfPage":{"@id":"https:\/\/annedore-gauer.de\/index.php\/termine\/#primaryimage"},"image":{"@id":"https:\/\/annedore-gauer.de\/index.php\/termine\/#primaryimage"},"thumbnailUrl":"https:\/\/annedore-gauer.de\/wp-content\/uploads\/2023\/05\/IMG_6968-200x300-1.jpg","datePublished":"2023-02-19T17:44:48+00:00","dateModified":"2023-05-18T14:53:44+00:00","breadcrumb":{"@id":"https:\/\/annedore-gauer.de\/index.php\/termine\/#breadcrumb"},"inLanguage":"de","potentialAction":[{"@type":"ReadAction","target":["https:\/\/annedore-gauer.de\/index.php\/termine\/"]}]},{"@type":"ImageObject","inLanguage":"de","@id":"https:\/\/annedore-gauer.de\/index.php\/termine\/#primaryimage","url":"https:\/\/annedore-gauer.de\/wp-content\/uploads\/2023\/05\/IMG_6968-200x300-1.jpg","contentUrl":"https:\/\/annedore-gauer.de\/wp-content\/uploads\/2023\/05\/IMG_6968-200x300-1.jpg","width":200,"height":300},{"@type":"BreadcrumbList","@id":"https:\/\/annedore-gauer.de\/index.php\/termine\/#breadcrumb","itemListElement":[{"@type":"ListItem","position":1,"name":"Startseite","item":"https:\/\/annedore-gauer.de\/"},{"@type":"ListItem","position":2,"name":"Termine"}]},{"@type":"WebSite","@id":"https:\/\/annedore-gauer.de\/#website","url":"https:\/\/annedore-gauer.de\/","name":"Annedore Gauer","description":"\u00c4rztin","publisher":{"@id":"https:\/\/annedore-gauer.de\/#organization"},"potentialAction":[{"@type":"SearchAction","target":{"@type":"EntryPoint","urlTemplate":"https:\/\/annedore-gauer.de\/?s={search_term_string}"},"query-input":{"@type":"PropertyValueSpecification","valueRequired":true,"valueName":"search_term_string"}}],"inLanguage":"de"},{"@type":"Organization","@id":"https:\/\/annedore-gauer.de\/#organization","name":"Annedore Gauer","alternateName":"Annedore Gauer TCM","url":"https:\/\/annedore-gauer.de\/","logo":{"@type":"ImageObject","inLanguage":"de","@id":"https:\/\/annedore-gauer.de\/#\/schema\/logo\/image\/","url":"https:\/\/annedore-gauer.de\/wp-content\/uploads\/2023\/02\/cropped-cropped-menu_logo.png","contentUrl":"https:\/\/annedore-gauer.de\/wp-content\/uploads\/2023\/02\/cropped-cropped-menu_logo.png","width":82,"height":200,"caption":"Annedore Gauer"},"image":{"@id":"https:\/\/annedore-gauer.de\/#\/schema\/logo\/image\/"}}]}},"_links":{"self":[{"href":"https:\/\/annedore-gauer.de\/index.php\/wp-json\/wp\/v2\/pages\/174","targetHints":{"allow":["GET"]}}],"collection":[{"href":"https:\/\/annedore-gauer.de\/index.php\/wp-json\/wp\/v2\/pages"}],"about":[{"href":"https:\/\/annedore-gauer.de\/index.php\/wp-json\/wp\/v2\/types\/page"}],"author":[{"embeddable":true,"href":"https:\/\/annedore-gauer.de\/index.php\/wp-json\/wp\/v2\/users\/1"}],"replies":[{"embeddable":true,"href":"https:\/\/annedore-gauer.de\/index.php\/wp-json\/wp\/v2\/comments?post=174"}],"version-history":[{"count":9,"href":"https:\/\/annedore-gauer.de\/index.php\/wp-json\/wp\/v2\/pages\/174\/revisions"}],"predecessor-version":[{"id":499,"href":"https:\/\/annedore-gauer.de\/index.php\/wp-json\/wp\/v2\/pages\/174\/revisions\/499"}],"wp:featuredmedia":[{"embeddable":true,"href":"https:\/\/annedore-gauer.de\/index.php\/wp-json\/wp\/v2\/media\/500"}],"wp:attachment":[{"href":"https:\/\/annedore-gauer.de\/index.php\/wp-json\/wp\/v2\/media?parent=174"}],"curies":[{"name":"wp","href":"https:\/\/api.w.org\/{rel}","templated":true}]}}