{"id":2,"date":"2023-02-18T10:34:03","date_gmt":"2023-02-18T09:34:03","guid":{"rendered":"http:\/\/192.168.11.219\/wordpress\/?page_id=2"},"modified":"2023-05-18T15:48:40","modified_gmt":"2023-05-18T13:48:40","slug":"behandeln","status":"publish","type":"page","link":"https:\/\/annedore-gauer.de\/index.php\/behandeln\/","title":{"rendered":"Behandeln"},"content":{"rendered":"\n<h2 class=\"wp-block-heading\">Chinesische Medizin: Ein ganzheitlicher Ansatz zur Gesundheitsversorgung<\/h2>\n\n\n\n<p>Eine medizinische Begegnung ist immer dadurch begrenzt, inwieweit ich als \u00c4rztin in der Funktion als Begleiterin meine Patienten leiten kann. Hier bietet und die chinesische Medizin durch ihren naturphilosophischen Ansatz ein breites Spektrum an diagnostischen und therapeutischen M\u00f6glichkeiten, erfordert aber erst einmal eine gr\u00fcndliche Bestandsaufnahme.<br>Nach einer etwa einst\u00fcndigen Anamnese, in der auch externe Befunde, Di\u00e4tetik und Aspekte der Lebensf\u00fchrung besprochen werden, findet eine ausf\u00fchrliche Inspektion von Zunge (ggf. auch Ohrmuschel) statt und eine detaillierte Tastung der Pulse an beiden Handgelenken. Daraus ergibt sich eine individuelle Therapieplanung.<br>Ich behandle in erster Linie mit chinesischen und westlichen Heilkr\u00e4utern, die als Abkochung oder als &#8222;Instant-L\u00f6sung&#8220; eingenommen werden. Einige Rezepturen sind auch in Tablettenform erh\u00e4ltlich und Kleinkinder k\u00f6nnen die Kr\u00e4uter gut als w\u00e4ssrige L\u00f6sung schlucken. Mein therapeutischer Schwerpunkt liegt au\u00dferdem in den kl\u00e4renden Gespr\u00e4chen, in denen ich versuche, meinen Patienten die Zusammenh\u00e4nge ihrer Krankheit und ihrer Lebensf\u00fchrung nahe zu bringen und individuelle L\u00f6sungsm\u00f6glichkeiten er\u00f6rtert werden.<br><br>Des Weiteren habe ich mit der Akupunktur eine &#8222;Handwerkskunst&#8220; erlernt, mit der ich Einfluss auf diverse Blockaden im System von Qi und Blut nehmen kann um auf diese Weise Schmerzen zu lindern und den Prozess zu beschleunigen.<br>Die W\u00e4rmebehandlung mit chinesischem Beifu\u00df (Moxa), die Akupressur und die alte chinesische Massagetechnik (Gua-Sha) erg\u00e4nzen diese Behandlungsm\u00f6glichkeiten.<br>Eine Heilung erfordert von der \u00c4rztin und der Patienten\/in immer eine angemessene Geduld!<\/p>\n","protected":false},"excerpt":{"rendered":"<p>Chinesische Medizin: Ein ganzheitlicher Ansatz zur Gesundheitsversorgung Eine medizinische Begegnung ist immer dadurch begrenzt, inwieweit ich als \u00c4rztin in der Funktion als Begleiterin meine Patienten leiten kann. Hier bietet und die chinesische Medizin durch ihren naturphilosophischen Ansatz ein breites Spektrum an diagnostischen und therapeutischen M\u00f6glichkeiten, erfordert aber erst einmal eine gr\u00fcndliche Bestandsaufnahme.Nach einer etwa einst\u00fcndigen &hellip; <\/p>\n","protected":false},"author":1,"featured_media":107,"parent":0,"menu_order":1,"comment_status":"closed","ping_status":"closed","template":"","meta":{"footnotes":""},"class_list":["post-2","page","type-page","status-publish","has-post-thumbnail","hentry","grid-sizer"],"yoast_head":"<!-- This site is optimized with the Yoast SEO plugin v27.5 - https:\/\/yoast.com\/product\/yoast-seo-wordpress\/ -->\n<title>Behandeln - Annedore Gauer<\/title>\n<meta name=\"robots\" content=\"index, follow, max-snippet:-1, max-image-preview:large, max-video-preview:-1\" \/>\n<link rel=\"canonical\" href=\"https:\/\/annedore-gauer.de\/index.php\/behandeln\/\" \/>\n<meta property=\"og:locale\" content=\"de_DE\" \/>\n<meta property=\"og:type\" content=\"article\" \/>\n<meta property=\"og:title\" content=\"Behandeln - Annedore Gauer\" \/>\n<meta property=\"og:description\" content=\"Chinesische Medizin: Ein ganzheitlicher Ansatz zur Gesundheitsversorgung Eine medizinische Begegnung ist immer dadurch begrenzt, inwieweit ich als \u00c4rztin in der Funktion als Begleiterin meine Patienten leiten kann. Hier bietet und die chinesische Medizin durch ihren naturphilosophischen Ansatz ein breites Spektrum an diagnostischen und therapeutischen M\u00f6glichkeiten, erfordert aber erst einmal eine gr\u00fcndliche Bestandsaufnahme.Nach einer etwa einst\u00fcndigen &hellip;\" \/>\n<meta property=\"og:url\" content=\"https:\/\/annedore-gauer.de\/index.php\/behandeln\/\" \/>\n<meta property=\"og:site_name\" content=\"Annedore Gauer\" \/>\n<meta property=\"article:modified_time\" content=\"2023-05-18T13:48:40+00:00\" \/>\n<meta property=\"og:image\" content=\"https:\/\/annedore-gauer.de\/wp-content\/uploads\/2023\/02\/TCM-TGT-Stille.jpg\" \/>\n\t<meta property=\"og:image:width\" content=\"1818\" \/>\n\t<meta property=\"og:image:height\" content=\"1228\" \/>\n\t<meta property=\"og:image:type\" content=\"image\/jpeg\" \/>\n<meta name=\"twitter:card\" content=\"summary_large_image\" \/>\n<meta name=\"twitter:label1\" content=\"Gesch\u00e4tzte Lesezeit\" \/>\n\t<meta name=\"twitter:data1\" content=\"1\u00a0Minute\" \/>\n<script type=\"application\/ld+json\" class=\"yoast-schema-graph\">{\"@context\":\"https:\\\/\\\/schema.org\",\"@graph\":[{\"@type\":\"WebPage\",\"@id\":\"https:\\\/\\\/annedore-gauer.de\\\/index.php\\\/behandeln\\\/\",\"url\":\"https:\\\/\\\/annedore-gauer.de\\\/index.php\\\/behandeln\\\/\",\"name\":\"Behandeln - Annedore Gauer\",\"isPartOf\":{\"@id\":\"https:\\\/\\\/annedore-gauer.de\\\/#website\"},\"primaryImageOfPage\":{\"@id\":\"https:\\\/\\\/annedore-gauer.de\\\/index.php\\\/behandeln\\\/#primaryimage\"},\"image\":{\"@id\":\"https:\\\/\\\/annedore-gauer.de\\\/index.php\\\/behandeln\\\/#primaryimage\"},\"thumbnailUrl\":\"https:\\\/\\\/annedore-gauer.de\\\/wp-content\\\/uploads\\\/2023\\\/02\\\/TCM-TGT-Stille.jpg\",\"datePublished\":\"2023-02-18T09:34:03+00:00\",\"dateModified\":\"2023-05-18T13:48:40+00:00\",\"breadcrumb\":{\"@id\":\"https:\\\/\\\/annedore-gauer.de\\\/index.php\\\/behandeln\\\/#breadcrumb\"},\"inLanguage\":\"de\",\"potentialAction\":[{\"@type\":\"ReadAction\",\"target\":[\"https:\\\/\\\/annedore-gauer.de\\\/index.php\\\/behandeln\\\/\"]}]},{\"@type\":\"ImageObject\",\"inLanguage\":\"de\",\"@id\":\"https:\\\/\\\/annedore-gauer.de\\\/index.php\\\/behandeln\\\/#primaryimage\",\"url\":\"https:\\\/\\\/annedore-gauer.de\\\/wp-content\\\/uploads\\\/2023\\\/02\\\/TCM-TGT-Stille.jpg\",\"contentUrl\":\"https:\\\/\\\/annedore-gauer.de\\\/wp-content\\\/uploads\\\/2023\\\/02\\\/TCM-TGT-Stille.jpg\",\"width\":1818,\"height\":1228},{\"@type\":\"BreadcrumbList\",\"@id\":\"https:\\\/\\\/annedore-gauer.de\\\/index.php\\\/behandeln\\\/#breadcrumb\",\"itemListElement\":[{\"@type\":\"ListItem\",\"position\":1,\"name\":\"Startseite\",\"item\":\"https:\\\/\\\/annedore-gauer.de\\\/\"},{\"@type\":\"ListItem\",\"position\":2,\"name\":\"Behandeln\"}]},{\"@type\":\"WebSite\",\"@id\":\"https:\\\/\\\/annedore-gauer.de\\\/#website\",\"url\":\"https:\\\/\\\/annedore-gauer.de\\\/\",\"name\":\"Annedore Gauer\",\"description\":\"\u00c4rztin\",\"publisher\":{\"@id\":\"https:\\\/\\\/annedore-gauer.de\\\/#organization\"},\"potentialAction\":[{\"@type\":\"SearchAction\",\"target\":{\"@type\":\"EntryPoint\",\"urlTemplate\":\"https:\\\/\\\/annedore-gauer.de\\\/?s={search_term_string}\"},\"query-input\":{\"@type\":\"PropertyValueSpecification\",\"valueRequired\":true,\"valueName\":\"search_term_string\"}}],\"inLanguage\":\"de\"},{\"@type\":\"Organization\",\"@id\":\"https:\\\/\\\/annedore-gauer.de\\\/#organization\",\"name\":\"Annedore Gauer\",\"alternateName\":\"Annedore Gauer TCM\",\"url\":\"https:\\\/\\\/annedore-gauer.de\\\/\",\"logo\":{\"@type\":\"ImageObject\",\"inLanguage\":\"de\",\"@id\":\"https:\\\/\\\/annedore-gauer.de\\\/#\\\/schema\\\/logo\\\/image\\\/\",\"url\":\"https:\\\/\\\/annedore-gauer.de\\\/wp-content\\\/uploads\\\/2023\\\/02\\\/cropped-cropped-menu_logo.png\",\"contentUrl\":\"https:\\\/\\\/annedore-gauer.de\\\/wp-content\\\/uploads\\\/2023\\\/02\\\/cropped-cropped-menu_logo.png\",\"width\":82,\"height\":200,\"caption\":\"Annedore Gauer\"},\"image\":{\"@id\":\"https:\\\/\\\/annedore-gauer.de\\\/#\\\/schema\\\/logo\\\/image\\\/\"}}]}<\/script>\n<!-- \/ Yoast SEO plugin. -->","yoast_head_json":{"title":"Behandeln - Annedore Gauer","robots":{"index":"index","follow":"follow","max-snippet":"max-snippet:-1","max-image-preview":"max-image-preview:large","max-video-preview":"max-video-preview:-1"},"canonical":"https:\/\/annedore-gauer.de\/index.php\/behandeln\/","og_locale":"de_DE","og_type":"article","og_title":"Behandeln - Annedore Gauer","og_description":"Chinesische Medizin: Ein ganzheitlicher Ansatz zur Gesundheitsversorgung Eine medizinische Begegnung ist immer dadurch begrenzt, inwieweit ich als \u00c4rztin in der Funktion als Begleiterin meine Patienten leiten kann. Hier bietet und die chinesische Medizin durch ihren naturphilosophischen Ansatz ein breites Spektrum an diagnostischen und therapeutischen M\u00f6glichkeiten, erfordert aber erst einmal eine gr\u00fcndliche Bestandsaufnahme.Nach einer etwa einst\u00fcndigen &hellip;","og_url":"https:\/\/annedore-gauer.de\/index.php\/behandeln\/","og_site_name":"Annedore Gauer","article_modified_time":"2023-05-18T13:48:40+00:00","og_image":[{"width":1818,"height":1228,"url":"https:\/\/annedore-gauer.de\/wp-content\/uploads\/2023\/02\/TCM-TGT-Stille.jpg","type":"image\/jpeg"}],"twitter_card":"summary_large_image","twitter_misc":{"Gesch\u00e4tzte Lesezeit":"1\u00a0Minute"},"schema":{"@context":"https:\/\/schema.org","@graph":[{"@type":"WebPage","@id":"https:\/\/annedore-gauer.de\/index.php\/behandeln\/","url":"https:\/\/annedore-gauer.de\/index.php\/behandeln\/","name":"Behandeln - Annedore Gauer","isPartOf":{"@id":"https:\/\/annedore-gauer.de\/#website"},"primaryImageOfPage":{"@id":"https:\/\/annedore-gauer.de\/index.php\/behandeln\/#primaryimage"},"image":{"@id":"https:\/\/annedore-gauer.de\/index.php\/behandeln\/#primaryimage"},"thumbnailUrl":"https:\/\/annedore-gauer.de\/wp-content\/uploads\/2023\/02\/TCM-TGT-Stille.jpg","datePublished":"2023-02-18T09:34:03+00:00","dateModified":"2023-05-18T13:48:40+00:00","breadcrumb":{"@id":"https:\/\/annedore-gauer.de\/index.php\/behandeln\/#breadcrumb"},"inLanguage":"de","potentialAction":[{"@type":"ReadAction","target":["https:\/\/annedore-gauer.de\/index.php\/behandeln\/"]}]},{"@type":"ImageObject","inLanguage":"de","@id":"https:\/\/annedore-gauer.de\/index.php\/behandeln\/#primaryimage","url":"https:\/\/annedore-gauer.de\/wp-content\/uploads\/2023\/02\/TCM-TGT-Stille.jpg","contentUrl":"https:\/\/annedore-gauer.de\/wp-content\/uploads\/2023\/02\/TCM-TGT-Stille.jpg","width":1818,"height":1228},{"@type":"BreadcrumbList","@id":"https:\/\/annedore-gauer.de\/index.php\/behandeln\/#breadcrumb","itemListElement":[{"@type":"ListItem","position":1,"name":"Startseite","item":"https:\/\/annedore-gauer.de\/"},{"@type":"ListItem","position":2,"name":"Behandeln"}]},{"@type":"WebSite","@id":"https:\/\/annedore-gauer.de\/#website","url":"https:\/\/annedore-gauer.de\/","name":"Annedore Gauer","description":"\u00c4rztin","publisher":{"@id":"https:\/\/annedore-gauer.de\/#organization"},"potentialAction":[{"@type":"SearchAction","target":{"@type":"EntryPoint","urlTemplate":"https:\/\/annedore-gauer.de\/?s={search_term_string}"},"query-input":{"@type":"PropertyValueSpecification","valueRequired":true,"valueName":"search_term_string"}}],"inLanguage":"de"},{"@type":"Organization","@id":"https:\/\/annedore-gauer.de\/#organization","name":"Annedore Gauer","alternateName":"Annedore Gauer TCM","url":"https:\/\/annedore-gauer.de\/","logo":{"@type":"ImageObject","inLanguage":"de","@id":"https:\/\/annedore-gauer.de\/#\/schema\/logo\/image\/","url":"https:\/\/annedore-gauer.de\/wp-content\/uploads\/2023\/02\/cropped-cropped-menu_logo.png","contentUrl":"https:\/\/annedore-gauer.de\/wp-content\/uploads\/2023\/02\/cropped-cropped-menu_logo.png","width":82,"height":200,"caption":"Annedore Gauer"},"image":{"@id":"https:\/\/annedore-gauer.de\/#\/schema\/logo\/image\/"}}]}},"_links":{"self":[{"href":"https:\/\/annedore-gauer.de\/index.php\/wp-json\/wp\/v2\/pages\/2","targetHints":{"allow":["GET"]}}],"collection":[{"href":"https:\/\/annedore-gauer.de\/index.php\/wp-json\/wp\/v2\/pages"}],"about":[{"href":"https:\/\/annedore-gauer.de\/index.php\/wp-json\/wp\/v2\/types\/page"}],"author":[{"embeddable":true,"href":"https:\/\/annedore-gauer.de\/index.php\/wp-json\/wp\/v2\/users\/1"}],"replies":[{"embeddable":true,"href":"https:\/\/annedore-gauer.de\/index.php\/wp-json\/wp\/v2\/comments?post=2"}],"version-history":[{"count":6,"href":"https:\/\/annedore-gauer.de\/index.php\/wp-json\/wp\/v2\/pages\/2\/revisions"}],"predecessor-version":[{"id":423,"href":"https:\/\/annedore-gauer.de\/index.php\/wp-json\/wp\/v2\/pages\/2\/revisions\/423"}],"wp:featuredmedia":[{"embeddable":true,"href":"https:\/\/annedore-gauer.de\/index.php\/wp-json\/wp\/v2\/media\/107"}],"wp:attachment":[{"href":"https:\/\/annedore-gauer.de\/index.php\/wp-json\/wp\/v2\/media?parent=2"}],"curies":[{"name":"wp","href":"https:\/\/api.w.org\/{rel}","templated":true}]}}